{"id":4889,"date":"2023-09-19T15:21:53","date_gmt":"2023-09-19T14:21:53","guid":{"rendered":"https:\/\/finnlandschmuck-schelle.de\/?post_type=product&#038;p=4889"},"modified":"2026-02-01T16:18:52","modified_gmt":"2026-02-01T15:18:52","slug":"n-34-2123","status":"publish","type":"product","link":"https:\/\/finnlandschmuck-schelle.de\/?product=n-34-2123","title":{"rendered":"N-34-2123"},"content":{"rendered":"<p>Ohrh\u00e4nger, Bergkristall, mit B\u00fcgel<\/p>\n<p>Ma\u00dfe: 12mm x 32mm<\/p>\n","protected":false},"excerpt":{"rendered":"<p>Ohrh\u00e4nger, Bergkristall, mit B\u00fcgel Ma\u00dfe: 12mm x 32mm<\/p>\n","protected":false},"featured_media":4802,"template":"","meta":[],"product_cat":[28],"product_tag":[854,911],"_links":{"self":[{"href":"https:\/\/finnlandschmuck-schelle.de\/index.php?rest_route=\/wp\/v2\/product\/4889"}],"collection":[{"href":"https:\/\/finnlandschmuck-schelle.de\/index.php?rest_route=\/wp\/v2\/product"}],"about":[{"href":"https:\/\/finnlandschmuck-schelle.de\/index.php?rest_route=\/wp\/v2\/types\/product"}],"wp:featuredmedia":[{"embeddable":true,"href":"https:\/\/finnlandschmuck-schelle.de\/index.php?rest_route=\/wp\/v2\/media\/4802"}],"wp:attachment":[{"href":"https:\/\/finnlandschmuck-schelle.de\/index.php?rest_route=%2Fwp%2Fv2%2Fmedia&parent=4889"}],"wp:term":[{"taxonomy":"product_cat","embeddable":true,"href":"https:\/\/finnlandschmuck-schelle.de\/index.php?rest_route=%2Fwp%2Fv2%2Fproduct_cat&post=4889"},{"taxonomy":"product_tag","embeddable":true,"href":"https:\/\/finnlandschmuck-schelle.de\/index.php?rest_route=%2Fwp%2Fv2%2Fproduct_tag&post=4889"}],"curies":[{"name":"wp","href":"https:\/\/api.w.org\/{rel}","templated":true}]}}