{"id":5296,"date":"2025-02-05T17:07:27","date_gmt":"2025-02-05T16:07:27","guid":{"rendered":"https:\/\/finnlandschmuck-schelle.de\/?post_type=product&#038;p=5296"},"modified":"2026-02-01T15:59:33","modified_gmt":"2026-02-01T14:59:33","slug":"n-3-4613","status":"publish","type":"product","link":"https:\/\/finnlandschmuck-schelle.de\/?product=n-3-4613","title":{"rendered":"N-3-4613"},"content":{"rendered":"<p>Anh\u00e4nger Lebensbaum<\/p>\n<p>Gr\u00f6\u00dfe: 23mm x 15mm<\/p>\n","protected":false},"excerpt":{"rendered":"<p>Anh\u00e4nger Lebensbaum Gr\u00f6\u00dfe: 23mm x 15mm<\/p>\n","protected":false},"featured_media":5261,"template":"","meta":[],"product_cat":[21],"product_tag":[193,958,957,959],"_links":{"self":[{"href":"https:\/\/finnlandschmuck-schelle.de\/index.php?rest_route=\/wp\/v2\/product\/5296"}],"collection":[{"href":"https:\/\/finnlandschmuck-schelle.de\/index.php?rest_route=\/wp\/v2\/product"}],"about":[{"href":"https:\/\/finnlandschmuck-schelle.de\/index.php?rest_route=\/wp\/v2\/types\/product"}],"wp:featuredmedia":[{"embeddable":true,"href":"https:\/\/finnlandschmuck-schelle.de\/index.php?rest_route=\/wp\/v2\/media\/5261"}],"wp:attachment":[{"href":"https:\/\/finnlandschmuck-schelle.de\/index.php?rest_route=%2Fwp%2Fv2%2Fmedia&parent=5296"}],"wp:term":[{"taxonomy":"product_cat","embeddable":true,"href":"https:\/\/finnlandschmuck-schelle.de\/index.php?rest_route=%2Fwp%2Fv2%2Fproduct_cat&post=5296"},{"taxonomy":"product_tag","embeddable":true,"href":"https:\/\/finnlandschmuck-schelle.de\/index.php?rest_route=%2Fwp%2Fv2%2Fproduct_tag&post=5296"}],"curies":[{"name":"wp","href":"https:\/\/api.w.org\/{rel}","templated":true}]}}