{"id":5298,"date":"2025-02-05T17:12:09","date_gmt":"2025-02-05T16:12:09","guid":{"rendered":"https:\/\/finnlandschmuck-schelle.de\/?post_type=product&#038;p=5298"},"modified":"2026-02-01T16:17:09","modified_gmt":"2026-02-01T15:17:09","slug":"n-34-432","status":"publish","type":"product","link":"https:\/\/finnlandschmuck-schelle.de\/?product=n-34-432","title":{"rendered":"N-34-432"},"content":{"rendered":"<p>Ohrh\u00e4nger Trollblatt<\/p>\n<p>Gr\u00f6\u00dfe: 27mm x 18,5mm plus Klappbrisur<\/p>\n","protected":false},"excerpt":{"rendered":"<p>Ohrh\u00e4nger Trollblatt Gr\u00f6\u00dfe: 27mm x 18,5mm plus Klappbrisur<\/p>\n","protected":false},"featured_media":5273,"template":"","meta":[],"product_cat":[28],"product_tag":[951,962,105,952],"_links":{"self":[{"href":"https:\/\/finnlandschmuck-schelle.de\/index.php?rest_route=\/wp\/v2\/product\/5298"}],"collection":[{"href":"https:\/\/finnlandschmuck-schelle.de\/index.php?rest_route=\/wp\/v2\/product"}],"about":[{"href":"https:\/\/finnlandschmuck-schelle.de\/index.php?rest_route=\/wp\/v2\/types\/product"}],"wp:featuredmedia":[{"embeddable":true,"href":"https:\/\/finnlandschmuck-schelle.de\/index.php?rest_route=\/wp\/v2\/media\/5273"}],"wp:attachment":[{"href":"https:\/\/finnlandschmuck-schelle.de\/index.php?rest_route=%2Fwp%2Fv2%2Fmedia&parent=5298"}],"wp:term":[{"taxonomy":"product_cat","embeddable":true,"href":"https:\/\/finnlandschmuck-schelle.de\/index.php?rest_route=%2Fwp%2Fv2%2Fproduct_cat&post=5298"},{"taxonomy":"product_tag","embeddable":true,"href":"https:\/\/finnlandschmuck-schelle.de\/index.php?rest_route=%2Fwp%2Fv2%2Fproduct_tag&post=5298"}],"curies":[{"name":"wp","href":"https:\/\/api.w.org\/{rel}","templated":true}]}}