{"id":5307,"date":"2025-02-05T17:32:47","date_gmt":"2025-02-05T16:32:47","guid":{"rendered":"https:\/\/finnlandschmuck-schelle.de\/?post_type=product&#038;p=5307"},"modified":"2026-02-01T16:00:04","modified_gmt":"2026-02-01T15:00:04","slug":"n-3-4624","status":"publish","type":"product","link":"https:\/\/finnlandschmuck-schelle.de\/?product=n-3-4624","title":{"rendered":"N-3-4624"},"content":{"rendered":"<p>Anh\u00e4nger Lebensbaum in Navette- Form<\/p>\n<p>Gr\u00f6\u00dfe: 47mm x 18mm<\/p>\n<p>Bergkristall: 4mm<\/p>\n","protected":false},"excerpt":{"rendered":"<p>Anh\u00e4nger Lebensbaum in Navette- Form Gr\u00f6\u00dfe: 47mm x 18mm Bergkristall: 4mm<\/p>\n","protected":false},"featured_media":5237,"template":"","meta":[],"product_cat":[21],"product_tag":[958,957,970],"_links":{"self":[{"href":"https:\/\/finnlandschmuck-schelle.de\/index.php?rest_route=\/wp\/v2\/product\/5307"}],"collection":[{"href":"https:\/\/finnlandschmuck-schelle.de\/index.php?rest_route=\/wp\/v2\/product"}],"about":[{"href":"https:\/\/finnlandschmuck-schelle.de\/index.php?rest_route=\/wp\/v2\/types\/product"}],"wp:featuredmedia":[{"embeddable":true,"href":"https:\/\/finnlandschmuck-schelle.de\/index.php?rest_route=\/wp\/v2\/media\/5237"}],"wp:attachment":[{"href":"https:\/\/finnlandschmuck-schelle.de\/index.php?rest_route=%2Fwp%2Fv2%2Fmedia&parent=5307"}],"wp:term":[{"taxonomy":"product_cat","embeddable":true,"href":"https:\/\/finnlandschmuck-schelle.de\/index.php?rest_route=%2Fwp%2Fv2%2Fproduct_cat&post=5307"},{"taxonomy":"product_tag","embeddable":true,"href":"https:\/\/finnlandschmuck-schelle.de\/index.php?rest_route=%2Fwp%2Fv2%2Fproduct_tag&post=5307"}],"curies":[{"name":"wp","href":"https:\/\/api.w.org\/{rel}","templated":true}]}}